+ -14 - (-14 + 9).
-7
What is (-5 - 2 - 1) + 3?
-5
What is 1 - -7 - (11 + -5)?
2
Calculate 3 + (-6 - -1) + (0 - 1).
-3
What is -5 + 1 + 8 + 0?
4
What is the value of (5 + -8 - 2) + 3?
-2
Calculate 6 - (1 + -1) - (-171 + 175).
2
Evaluate (0 - -1) + 0 + 0 - -1.
2
Evaluate 7 - ((8 - -3) + -9).
5
(-29 - -42) + (-2 - 4)
7
What is (0 - (1 - -6) - -2) + 3?
-2
Evaluate -4 + 1 + 0 + 1.
-2
Calculate 4 + (-4 - (-4 + -1)).
5
Evaluate (2 - (1 - -5)) + -67 + 67.
-4
(1 - (-5 - -10)) + 5 - 3
-2
Evaluate -3 - (10 + -7 + (-7 - 1)).
2
(3 + 0 - 1) + (1 - 4)
-1
(-2 - 1 - -6) + -8
-5
What is -3 - (2 + (-2 - 2) - 4)?
3
Calculate 0 + 7 - (2 + 2).
3
What is the value of (9 - 1) + -19 + 5?
-6
Calculate 2 - (-5 - -4) - 10.
-7
What is 3 + 0 + 1 + -7 + 8?
5
Evaluate -9 + 1 + 2 - (0 + 0).
-6
What is 6 + -2 - 3 - -4?
5
Calculate (11 - 3 - 14) + 7.
1
What is the value of (-1 - -8) + 2 + -2 + -4?
3
What is the value of -16 + 13 - (-9 + 5)?
1
Calculate (13 - 12) + -6 + 0.
-5
Calculate 6 - (25 - 9 - (3 - -2)).
-5
(-5 - (0 - 0)) + 0
-5
What is the value of 18 + 2 + -15 - (-3 + 6)?
2
Calculate (-9 - -2) + 3 - -9.
5
What is 0 - (2 + 2 + -3 + 4)?
-5
Calculate 8 + (8 - -2) - 9.
9
Calculate -9 + 0 - (-59 - -52).
-2
Calculate 3 + -7 + 3 + -3.
-4
What is -9 - (-4 + (-2 - 0))?
-3
10 + (-12 - (-7 + 9 - 6))
2
Evaluate (-20 - -8) + 15 + -5.
-2
Calculate 5 - (-4 + 0 - (-12 + 6)).
3
(8 + 14 - 9) + (-1 - 5)
7
What is -13 + (4 - (-15 + 9))?
-3
Evaluate -6 - 0 - (4 + -8).
-2
Calculate (1 + 3 - 4 - -6) + 3.
9
Calculate (6 + -1 - 2) + -4.
-1
Evaluate -3 - -16 - (12 + -3).
4
Calculate 5 + 2 + (-7 - (-4 - 0)).
4
What is the value of 131 - 119 - (-1 + 10)?
3
What is the value of -5 + (-2 + 0 - -4 - 4)?
-7
What is the value of 2 + (1 + -2 + 0 - 1)?
0
Evaluate 0 + (3 + 2 - (-1 - -5)).
1
Calculate 5 - (0 + 8) - -8.
5
-1 + 0 + -1 + 5
3
Evaluate 12 + (-15 - -7) - (0 - 1).
5
6 - (-20 - -12 - -6)
8
11 + -13 + 5 + (-8 - -3)
-2
Calculate 0 + 5 + -7 - 0.
-2
Calculate 9 - (-11 + 16 - 2).
6
What is the value of (-8 - -3 - -5) + 5?
5
What is 7 + -2 + 0 + 0?
5
What is (4 - 4 - 0 - -8) + -3?
5
Evaluate -1 - (-16 - -3) - 20.
-8
(8 - 6) + 2 + (4 - 1)
7
Calculate (5 - 3) + 1 - 0.
3
Evaluate (-4 + (0 - -4) - -1) + -2.
-1
What is the value of -26 - -29 - (-1 + 0)?
4
Calculate 3 + 4 + -2 + -2 - 0.
3
(0 - (-4 - (-5 - -4))) + -3
0
Evaluate 1 + -3 + 4 + (11 - 10).
3
Calculate -2 - -1 - -4 - (0 + 3).
0
What is (-1 - -2) + 21 + -19?
3
Evaluate 3 - (-3 - -6) - (1 + -2).
1
What is the value of (-3 - (-4 + 2)) + -1 + 5?
3
Calculate 7 - (1 - (-1 - 2)).
3
What is 11 + (-1 - -1) + -6?
5
Calculate (1 - 1) + -6 + 59 + -53.
0
What is 2 - ((-5 - -5 - -5) + 0)?
-3
What is 24 + -17 - (2 + 10)?
-5
Evaluate 8 - (7 + (-13 - -8)).
6
Evaluate 5 - 5 - (4 + (5 - 1)).
-8
-8 - (-7 - ((0 - -2) + -5))
-4
What is (5 - 5) + -1 + -1?
-2
1 - 1 - (2 - (4 - 0))
2
What is the value of 1 + -6 - -4 - (-2 - 3)?
4
Evaluate 4 - (-4 + (3 - (4 - 6))).
3
Evaluate (1 + (3 - 1) - 0) + 1.
4
What is 3 - ((5 - -1) + (3 - 6))?
0
Evaluate 7 + -1 + 0 + 3 + -5.
4
Calculate 1 + 3 + -6 + 4.
2
Calculate 0 + 1 - (-4 + 2 + 2).
1
What is -105 - -101 - (-4 + 0 + 1)?
-1
Calculate -5 - -3 - (-2 + -2).
2
-26 + 18 + 5 - (1 + -3)
-1
What is 3 + -8 - (-14 - 0)?
9
What is -2 - (4 + -10) - 3?
1
(3 - 1) + 2 + -7
-3
What is the value of (-5 - -7 - -1) + -3?
0
What is the value of -9 + 6 + -3 + 2?
-4
0 - (-9 - -4) - 3
2
What is -2 - -1 - (3 + 0)?
-4
What is the value of 2 + 5 + -9 + 8?
6
Evaluate 12 + 6 + -8 + -1.
9
-1 + 5 + -4 + -2
-2
What is 4 - (2 + 5 + -5 + -3)?
5
Calculate 9 + -4 + -3 + 0 - 0.
2
What is the value of 0 - ((-3 - 1 - -3) + -4)?
5
Evaluate (-7 - 1) + 4 + (-9 - -6).
-7
Calculate -7 + 2 + 1 + (2 - -3).
1
What is the value of -3 - (3 - -1 - 5)?
-2
5 + 10 + -7 + (-1 - 3)
4
What is the value of -4 + 1 + 7 + -3 + 4?
5
Evaluate 4 - (3 - -1 - (-1 + 4)).
3
Calculate -16 + 19 + (-6 - (-1 - -1)).
-3
-2 - -3 - 4 - (2 - 1)
-4
Calculate (14 - (10 + 8)) + (0 - -9).
5
Evaluate -1 + -2 + 5 + (-3 - -1).
0
-7 - (-2 - (4 + -3) - 3)
-1
What is -4 + (6 - 4) + (1 - 2)?
-3
Evaluate (-20 - -15) + -2 + 17 + 1.
11
-8 - 4 - (0 + -8)
-4
Evaluate (0 - 0 - -6) + 60 + -63.
3
Calculate 7 + (-4 - 1) - 2.
0
1 + (4 - -6) + -16
-5
What is (2 - (2 + -6)) + -6?
0
0 - -12 - (-9 - (-6 - 10))
5
What is 9 + (-10 - (13 + -9))?
-5
(-11 - -11) + 12 + -16
-4
What is -2 + 3 - (-6 + 8)?
-1
Calculate -1 - (-7 + 3 + (0 - -1)).
2
Calculate (12 + -8 - (0 - -5)) + -4.
-5
Calculate 2 + (1 - (3 - 6)) + 1.
7
Evaluate -3 + 2 + -1 + 5 - 0.
3
What is -5 - (-4 - (1 - -2))?
2
What is 13 + (-6 + 0 - -3)?
10
Evaluate (3 - (3 + 1)) + 3 + -5.
-3
What is the value of 31 - 35 - (5 - 14)?
5
What is the value of 8 - (4 + -7 + 6)?
5
-2 + 0 - 2 - (1 + -4)
-1
1 - (3 - ((4 - 7) + 1))
-4
Evaluate 1 + (-7 - (0 + 3 + -6)).
-3
Calculate (-4 - (6 + -10)) + (1 - 0).
1
Evaluate -1 + -3 + -4 - (3 + -4).
-7
Calculate 1 + (-11 + 4 - -4) + 4.
2
What is the value of (-1 - (-4 - -5)) + -3?
-5
4 + -11 + 2 + 5 - 4
-4
(-12 - -10) + (1 - -1)
0
What is the value of 7 - (5 + (5 - (10 + -5)))?
2
What is the value of -3 + 3 + 0 - (17 - 18)?
1
Evaluate -1 + (-1 - 4 - (2 - 4)).
-4
What is the value of -1 - (-11 + 4) - 0?
6
Calculate 2 - (1 - (-3 + 3 + 3)).
4
What is -3 - (2 + -6 + 0)?
1
(3 - (0 - -3)) + (7 - 11)
-4
What is -2 + 2 + (-10 - -6)?
-4
What is the value of -8 + 2 + 5 - (-5 - 1)?
5
What is the value of -4 - 1 - (1 + -4 + 3)?
-5
What is 2 + -3 + -1 - (-1 - -2)?
-3
(-8 + 7 - 6) + 13
6
What is 0 + (-13 - -6) - -5?
-2
What is the value of 1 + (0 - (-1 + 0))?
2
What is the value of -7 + 9 + -5 + 0?
-3
Evaluate -9 + 4 + 0 + 3 + 3.
1
Evaluate 4 - ((-7 - -14) + -8).
5
-5 - (-7 + 9 + -12)
5
What is the value of -8 + 7 + (23 - 15)?
7
(-2 - -4) + (-10 - -5)
-3
What is -3 - (-5 + 3 + 0) - 3?
-4
Calculate -50 + 45 - (-13 + 1).
7
Evaluate (4 - (-1 - -4)) + 4 + -1.
4
What is the value of (1 + 4 - -1) + -3?
3
Calculate 0 + (-3 - -1) - -1.
-1
2 - -7 - (24 - 14)
-1
Calculate 8 - 4 - -1 - 3 - 5.
-3
1 - 8 - 1 - (-443 + 442)
-7
Calculate (-5 + (3 - -7) - 5) + -5.
-5
Calculate -27 + 8 - -8 - -10.
-1
Calculate (4 - 4) + 2 - 1.
1
What is -5 - (-10 - (-1 + -4))?
0
What is -3 - (9 - 18) - (8 - 2)?
0
Evaluate 5 - 0 - (2 + 8).
-5
Evaluate 0 + 0 + -2 + 41 + -40.
-1
Calculate 2 + -1 + -6 + 5.
0
What is 2 + -16 + 7 - -4?
-3
What is -4 - ((18 - 12) + -2 + -1)?
-7
Evaluate -1 + 4 - (-2 + (7 - 1)).
-1
What is the value of -15 + 12 + 1 + -2?
-4
Evaluate (6 - 0) + -18 + -4 + 18.
2
Evaluate 5 + (5 - 4) - (15 - 1).
-8
-10 + (-2 + 3 - -7) + -8
-10
Evaluate 3 + 6 + -11 - (0 + 1).
-3
What is the value of -4 - (-2 - (0 + -2) - 9)?
5
Evaluate (-38 - -27) + 3 + 2.
-6
-6 + (-3 - -6) + 9
6
Calculate -13 - (8 - 11) - -3.
-7
What is 6 + -4 - (-4 + 4)?
2
What is the value of 6 + -2 + -3 + -4 - 5?
-8
-6 + (8 - (-3 + 1))
4
What is the value of 3 + -2 - (-3 - (-1 + -11))?
-8
What is the value of -2 - (-2 - 7) - 12?
-5
What is the value of 2 + -6 - -6 - (1 - 3)?
4
Calculate -13 + 4 - (26 - 32).
-3
Evaluate 7 + (1 + 8 - 18).
-2
Evaluate 2 - (3 - (4 - (2 - -5))).
-4
-3 + 2 + (4 - -2)
5
What is 2 + -6 + -4 + 5?
-3
What is the value of -1 + 1 + 2 + 1 + 1?
4
What is the value of 6 - (-6 + (4 - -10) - 1)?
-1
What is 13 + 0 - (-274 - -285)?
2
What is the value of -17 + 6 + -1 - -12?
0
-3 + 4 + -13 + 15
3
What is the value of 0 + 0 + (5 - -2 - 9)?
-2
Calculate 0 + 0 - 1 - (0 - 2).
1
Evaluate -8 + (3 - -3) + 2.
0
What is -4 + -3 + 6 + 1 + -1?
-1
(-1 - (-4 + 2)) + (-6 - -9)
4
What is the value of 5 - 0 - (-14 + (1 - -27))?
-9
Calculate 0 - (3 + 2) - (2 - 0).
-7
Calculate -4 + 6 + 2 - (5 + -5).
4
5 - (-5 - -10) - -8 - 4
4
Calculate (27 + -11 - 10) + (0 - 0).
6
Calculate -7 + (-8 - -8) - -6.
-1
Evaluate 0 + (2 - 1) + 3.
4
What is (-2 - -3 - 1) + 4 - -1?
5
Calculate -1 + (-17 - 4 - -12).
-10
What is the value of 4 - (-4 + (8 - 3) + 4)?
-1
Evaluate -5 + 6 + -3 + (-8 - -15).
5
What is the value of (-10 - -10) + (2 - 1)?
1
What is 12 - (0 + -3 + (45 - 39))?
9
Calculate -1 + (2 - (5 - 7) - -1).
4
What is the value of -1 - (1 - (9 - 15))?
-8
Calculate 1 - (0 + 1 + -21 + 21).
0
0 + -1 - (-1 - 3)
3
Evaluate 2 + -10 + (11 - 4).
-1
-1 - (-2 - 4) - 2
3
Calculate 14 - 7 - (5 - (-1 - -3)).
4
What is the value of -1 + -5 + 7 - 2?
-1
What is -6 - 1 - (-176 - -163)?
6
35 + -39 + 4 + -2
-2
Calculate 2 + (1 - 3 - (-23 + 15)).
8
What